s. Calculate a(-1).
-16
Let h(s) be the third derivative of s**8/20160 + s**6/720 + s**5/30 - s**2. Let o(p) be the third derivative of h(p). Suppose 7*r = -r. Calculate o(r).
1
Let f(o) = o + 1. Let s(x) = -4*x - 1. Let i(j) = -3*f(j) - s(j). Determine i(2).
0
Let l(j) = 0 - 2 - j**3 - 2*j + 4*j**2 + 3*j**2. Determine l(7).
-16
Let s(b) = 23*b - 1 - 54*b + 27*b. What is s(-1)?
3
Let x(a) = 25*a**3 + 14*a**2 + 6*a + 11. Let c(v) = -17*v**3 - 9*v**2 - 4*v - 7. Let z(l) = 8*c(l) + 5*x(l). Determine z(-1).
10
Let c(v) = -v**2 - 4*v + 7. Let x be c(-5). Let d(k) = -3*k + 5. Let i(a) = -a + 2. Let t(w) = x*d(w) - 5*i(w). Calculate t(4).
-4
Let t(g) = g**3 - 4*g**2 - 5*g - 1. Let s be t(5). Let m = 4 - s. Let p(a) = -a**2 + 4*a + 6. Let v be p(m). Let o(b) = -4*b + 1. Give o(v).
-3
Let j(m) be the third derivative of -m**6/120 - m**5/12 + m**3/3 + 5*m**2. Calculate j(-5).
2
Let u be (45/39 + (-8)/52)/1. Let b(p) = p + 1. Let d(j) = 10*j + 6. Let w(n) = 5*b(n) - d(n). Determine w(u).
-6
Let z be 12/((15/(-2))/(-5)). Let f(g) = -z*g + 2*g**2 - 4 + 9 - g**2. What is f(5)?
-10
Let a be (-4)/18 - 22/(-18). Let q = 1 - a. Let y(c) be the third derivative of -c**6/120 - c**5/60 + c**4/24 - c**2. Calculate y(q).
0
Let m = 15 - 5. Let j = m - 6. Let q(t) = -2*t**3 - 8*t**2 + 2*t - 2. Let k(y) = 3*y**3 + 9*y**2 - y + 1. Let r(h) = 3*k(h) + 4*q(h). What is r(j)?
-1
Let j(u) = -u**2 + 4. Let h = -6 - -2. Let f be -2 + (4/h - -6). What is j(f)?
-5
Suppose 2*m + 0 = 6. Let h(k) = -11 + 4*k + 2*k - m*k - 2*k. Give h(5).
-6
Let j(w) = 5*w**2 + 1. Let z be j(-1). Let s be 8/z - (-4)/6. Let m(x) = 6 + s*x**2 - 5*x - x**2 - 1. Give m(5).
5
Let t be (-4)/22 - 450/66. Let o(n) = -n**3 - 7*n**2 + 2*n + 6. Determine o(t).
-8
Let i(u) = u**2 - 5*u - 2. Let s(l) = l**2 - 4*l - 1. Let x(v) = -2*i(v) + 3*s(v). Let b(f) = f + 9. Let t be b(-6). Give x(t).
4
Let j(y) be the first derivative of y**4/4 - 4*y**3/3 - 5*y**2/2 + 7*y + 49. What is j(5)?
7
Let f(v) = 6*v + 1. Let k = 17 + -18. Give f(k).
-5
Let u(t) = t**3 + 4*t**2 - 5*t - 1. Let p be u(-5). Let l(b) = -218625*b + 218625*b - b**3. What is l(p)?
1
Let f(a) = -1 + 0 - 4*a - 2. Let q(s) = 6*s + 4. Let m(r) = -7*f(r) - 5*q(r). What is m(-1)?
3
Let b(z) = -z**3 - 2. Let i(o) = o**2 - 6*o + 5. Let j be i(5). Let u(x) be the second derivative of -x**4/12 - x**2 + 2*x. Let h be u(j). Determine b(h).
6
Let u(i) be the first derivative of -5/2*i**2 - 5 - i. Calculate u(-1).
4
Let c(i) = -i**3 + 3*i + 2. Let p be c(-2). Let q be (-2)/(3 - (-7)/(-2)). Let v(u) = u + 3 + u - 1 - q*u. Determine v(p).
-6
Suppose 4*p - 4*m - 8 = 0, -2*p - 10 = -6*p + 2*m. Let l be 4*(3/2)/3. Let k(y) = 2 + 2*y**l - 5*y + y + 0 + 2. What is k(p)?
10
Let c be 2/(-8)*-4*7. Let m(n) = 5*n - 2. Let z(d) = 2*d - 1. Let r(l) = c*z(l) - 3*m(l). Calculate r(-3).
2
Let f(r) = -r**2 + 5*r + 2. Suppose 2*x + 5 = 13. Determine f(x).
6
Let u(g) be the third derivative of -1/120*g**6 + 1/6*g**4 - 1/30*g**5 + 0 + 0*g - 2*g**2 + 1/2*g**3. Calculate u(-2).
-5
Let w(o) be the second derivative of o**5/20 + o**4/3 - 5*o**3/6 - 5*o**2/2 - 2*o. What is w(-5)?
-5
Let q(g) = -g**3 - 5*g**2 - 3*g - 4. Suppose 10 = i - 4*z + 1, -i = -2*z - 3. Give q(i).
-13
Let f(y) = y**2 - 3*y - 1. Let p = 53 + -50. Determine f(p).
-1
Let f(g) = g**2. Let x(s) be the second derivative of s**5/20 + s**2/2 + s. Let j be (-3 + 1)*(-2)/(-4). Let z be x(j). Determine f(z).
0
Let r(j) = -4 + 12*j + 1 - 5*j - 1 - j**2. Let o(g) = g**2 - 3*g + 3. Let d be o(4). Determine r(d).
-4
Let w be ((-6)/(-12))/((-2)/(-28)). Let x(b) = -b**2 + 8*b - 9. Determine x(w).
-2
Let a(f) = -f**3 + 3*f**2 + 3*f + 2. Let z(q) = -q**3 + 3*q**2 + 5*q. Suppose 0 = m - 7*m + 24. Let k be z(m). Determine a(k).
-2
Let d(b) be the first derivative of -b**4/4 + b**3/3 + b**2/2 + 4*b - 32. Let c be (-3 - 2/(-2)) + 0. Let j = 1 - c. What is d(j)?
-11
Let y(r) = -r**3 - r + 1. Let g = 18 - 11. Let s(w) = -w**3 + 8*w**2 - 8*w + 9. Let l be s(g). Give y(l).
-9
Suppose 0 = -5*k - 2*o - 6, -o = -4*k - 4 + 7. Let w(l) be the first derivative of -l**3/3 + 8*l - 2. Calculate w(k).
8
Suppose -5*f - 10 = -2*j, f = 4*j - 4*f. Let p(r) = r**3 + 5*r**2 - r - 11. Let o be p(j). Let k(g) = g**2 + 7*g + 6. Calculate k(o).
0
Let s(o) = 3*o + 10. Let a be s(-5). Let h(u) = -u**3. Let t(m) = 3*m**3 - 4*m**2 + 6*m + 2. Let v(x) = -4*h(x) - t(x). What is v(a)?
3
Let l(v) = -4*v**2 + v - 2. Suppose -5 = -3*d - 11. Determine l(d).
-20
Let i be 4*2/(-12)*3. Let n(g) = -4*g**2 - g - 4 + 4 - 2*g. What is n(i)?
-10
Let n be 1 - (0 + 1) - -3. Let s be (15/(-9) + n)*3. Let k(i) = s - 3*i + 4*i + i**2 - 5*i. Give k(3).
1
Let f(c) = c**2 + 15. Let p be f(0). Suppose 0 = 3*y - y - 5*m + 27, -p = -3*m. Let a(g) = 4*g - 1. What is a(y)?
-5
Let h(s) = 7*s - 8. Let a(r) = -15*r + 16. Let d(i) = 6*a(i) + 13*h(i). Calculate d(0).
-8
Let c(r) be the second derivative of -r**3/6 + 7*r**2/2 - 8*r. Calculate c(7).
0
Let q(u) be the first derivative of -u**4/12 - 5*u**3/6 - u**2/2 - 2*u + 1. Let d(i) be the first derivative of q(i). Calculate d(-5).
-1
Let v(t) be the second derivative of -t**5/20 + 7*t**4/12 - 7*t**3/6 - t**2 - 6*t. Determine v(6).
-8
Let m(t) = -2*t - 4. Let a(f) = -f - 4. Let u = 11 + -7. Let o(i) = u*m(i) - 5*a(i). Suppose -11 = -4*q + 1. Determine o(q).
-5
Let v be 52/12 - (-2)/3. Let h(d) = -d + 11. What is h(v)?
6
Let p(i) = -3*i - 39. Let z(y) = -y - 13. Let h(d) = -4*p(d) + 11*z(d). Let x be h(-11). Let s(t) = 4*t + t**x - t + 11 + 4*t - 5. Give s(-5).
-4
Let y(g) = -g**2 - 4*g - 2. Let r = -11 - 12. Let z be 10/(-25) + r/5. What is y(z)?
-7
Let c(s) = 2*s - 7. Let u = -59 + 54. Determine c(u).
-17
Let v(n) = n**2 + 5*n - 8. Let d = -30 - -24. What is v(d)?
-2
Let o(r) be the third derivative of -r**5/60 + r**4/24 - 2*r**3 - 6*r**2. Calculate o(0).
-12
Let t(a) be the third derivative of a**5/30 - a**4/12 + a**3/6 + 8*a**2. Determine t(1).
1
Let b = -13 + 18. Suppose 15 = -b*l, -4*l - 2 = -3*n + 1. Let y(w) = w + 13*w - 7*w - 5*w - 2. Give y(n).
-8
Let r be -1 - (3*-1)/3. Let f(c) = -1 + 5 + c + r*c. Let h = 6 - 10. Determine f(h).
0
Let v(z) = -5*z. Let h(m) = -m + 10. Let a be h(8). Give v(a).
-10
Let t(s) = -1. Let v(x) = 3*x + 24. Let l(c) = 18*t(c) + v(c). What is l(-5)?
-9
Suppose -4 = -4*u - 16. Let r(p) = p**3 + 4*p**2 + p - 1. Determine r(u).
5
Let g(l) = -12*l**2 + 6*l - 7. Let v(x) = -11*x**2 + 5*x - 6. Let f(z) = -5*g(z) + 6*v(z). Determine f(-1).
-7
Let f(k) be the first derivative of k**5/20 + k**2/2 - 4*k - 10. Let a(w) be the first derivative of f(w). Calculate a(0).
1
Let h(p) = p**3 + 4*p**2 + 5*p + 2. Let f be h(-3). Let l(d) = -d**2 - d - 1. Let w(g) = -g**3 + g**2 + 9*g + 10. Let r(n) = 4*l(n) + w(n). Determine r(f).
2
Let u(i) be the second derivative of -i**4/12 + 3*i**3/2 + 4*i**2 - 3*i. What is u(8)?
16
Let i(t) = -2 + 5*t + 2*t**2 + 3*t**2 - 6*t**2. Suppose 5*l - 5 = 15. Calculate i(l).
2
Let x(t) = 2*t**2 - 7*t + t**2 - 4*t**2. Suppose 5*v - 9 = -2*c - 0*c, 0 = c - 2. Let k(a) = 1. Let n(m) = v*x(m) - 6*k(m). Give n(-5).
4
Let o(x) = -x. Let s be o(3). Let i(k) = k**2 + 2*k + 3. Calculate i(s).
6
Let a be (2/4)/((-2)/(-8)). Let n(h) = h**2 + 6 - 2 + 3*h - a*h**2. Let f = 6 + -2. Calculate n(f).
0
Let d(t) = -5 - t - 8 + 2 + 1. Give d(0).
-10
Let z(j) = -3*j**2 - 2*j - 7. Let d(k) = 2*k**2 + k + 3. Let y(m) = 5*d(m) + 3*z(m). Calculate y(0).
-6
Let u(i) = -2*i - 2. Suppose 3*o + 5*x = -o - 1, 3*o = 2*x - 18. Let v be u(o). Let k(z) = -5*z**3 + v*z**3 + 5*z**2 - 5 - z**2. What is k(-4)?
-5
Let s(g) = 20 - 12 - 11 + g. Suppose 7*w - 4*w - 7 = 2*z, -3*w = -z - 8. Give s(w).
0
Suppose 7*h - 10 = 2*h. Let u(v) = h*v + 4*v + 2 + 5*v - 3. What is u(-1)?
-12
Let p(u) be the first derivative of -u**2/2 + 3*u + 32. Calculate p(8).
-5
Suppose b - 5 = -p + 3*p, 3*p = 3*b - 9. Let z(v) = b + v - 4*v + 3*v + v**3 + 4*v**2. Calculate z(-4).
1
Let c(d) = -d. Suppose -40 = 13*l - 8*l. What is c(l)?
8
Let f be -2 + 0 + 3/(-3). Let z(u) = 3*u**2 + 3*u - 3. Let c(m) = 7*m**2 + 7*m - 6. Let b(a) = 2*c(a) - 5*z(a). Give b(f).
-3
Let h be 24/9*(-36)/(-48). Let f(l) = -l**3 - l**2 + 2*l + 1. What is f(h)?
-7
Let w(q) = q. Suppose 0*o - 2*o = 0. Suppose o = c + c - 2. Determine w(c).
1
Let f(j) = -5*j**2 - 6*j + 1. Let q(i) = 13*i**2 + 18